 2*d(h) - 11*q(h). Let b be t(-4). Calculate the greatest common factor of b and 2.
2
Let g be 156/48 + (-1)/4. Suppose -3*u + w = -44, -g*u + w = -w - 46. Let x be (1 + 0)*(-42)/(-2). What is the greatest common divisor of x and u?
7
Let v = 1189 - 1179. Calculate the highest common factor of v and 190.
10
Let d(o) = -2 + o**2 - 8 + 2 + 0*o + 5*o. Let h be d(-6). Let j be ((-5)/h + -3)*-2. What is the greatest common divisor of j and 4?
1
Suppose 2*s - 234 = -s. Suppose 2*h + f = 71, -2*h + s - 3 = 5*f. Suppose 0 = -70*d + 74*d - 28. Calculate the highest common divisor of d and h.
7
Let y = -105 - -185. Suppose -2*o + 4*x + 4 = 0, -5*o - 2 = -x - 21. Let g be (-78)/(-4) + 2/o. Calculate the greatest common divisor of g and y.
20
Suppose 5*u - 62 = 713. Let y = 922 + -860. What is the highest common factor of u and y?
31
Suppose -35*h = -39*h, 2*h + 8702 = 2*u. Calculate the highest common divisor of u and 19.
19
Suppose h - 42 = -3*t, -4*t - 99 = -h - 29. Let i be (-35)/(-20) + (-2)/(-8) - -4. Calculate the highest common factor of h and i.
6
Let a be ((-15)/(-9))/(2/18). What is the highest common divisor of a and 60?
15
Suppose 4*l + 4*j = 3860, 4*j = 5*l - 2811 - 2050. Calculate the greatest common divisor of l and 51.
51
Suppose -3*i + r + 6 + 10 = 0, -12 = -5*i - 2*r. Let m(j) = -5*j + i*j - 3 - 6*j + 0*j. Let k be m(-14). What is the highest common factor of k and 38?
19
Let m(c) = 6*c**2 + 12*c + 13. Let s be m(-7). Let y = s - 111. Suppose 2*k + k - 42 = 0. What is the highest common divisor of k and y?
14
Let x be (0 - 0) + (1 - 1). Let t be x/((-16)/(-4)) + 42. Let n be ((-38)/(-4))/(3/t). What is the highest common divisor of 19 and n?
19
Suppose -44*j = -3678 - 414. Calculate the highest common factor of j and 248.
31
Let b(m) = m**2 + 18*m. Suppose -20 + 111 = 13*d. Let v be b(d). Let i be -3 - -1 - (-28 - -1). What is the highest common factor of v and i?
25
Let o(r) = r**2 - 1. Let x be o(1). Let d = x + 12. Let u be (-87)/(-7) - 369/861. What is the greatest common divisor of d and u?
12
Let o = 447 + 92. What is the greatest common factor of 11 and o?
11
Let y(q) = 7*q + 170. Let o be y(-6). Calculate the highest common factor of o and 48.
16
Let s(p) = 2*p**3 - 18*p**2 - 13*p - 7. Let a be s(13). Calculate the greatest common divisor of a and 56.
56
Let t be (10/6)/(15/45). What is the highest common factor of 10 and t?
5
Let h(z) = z**3 + 21*z**2 - 76*z + 7. Let j be h(-19). Calculate the greatest common divisor of 53 and j.
53
Suppose 5 = y + 3*p, 3*y - 3*p = 7*y - 11. Let i be (-36)/(-27) - (-6)/9. What is the highest common factor of y and i?
2
Let v = 112 + -77. Let i be 2 + (6/3 - -1). What is the greatest common divisor of v and i?
5
Let z(b) = b**2 - 13*b + 12. Let v be z(16). What is the greatest common factor of v and 132?
12
Let b be (9 - 13) + 1 + 12. Let a be -4 + 9 + -3 + 3. Let s(l) = 2*l**2 - 2*l - 4. Let x be s(a). Calculate the greatest common divisor of b and x.
9
Suppose l = 6 + 1. Calculate the greatest common divisor of l and 1.
1
Let g be (45/(-25))/(114/40 + -3). Let f be 111/15 + (-6)/(-10). Suppose f = -a + 2*a. What is the greatest common divisor of a and g?
4
Let a be -1 + -1 - (-2)/((-2)/(-2)). Suppose -1 = -x, a = -s - 0*x + x + 17. What is the greatest common factor of s and 18?
18
Suppose 4*p - 39 - 29 = 0. Calculate the highest common divisor of p and 697.
17
Let t = -1079 - -1204. Calculate the greatest common divisor of 100 and t.
25
Let a = -26 + 37. Suppose a*z + 24 = 14*z. Calculate the greatest common divisor of z and 24.
8
Let j(c) = -16*c**2 - 3 + 11*c + 2 + 7*c - 2*c**3 + 3*c**3. Let k be j(15). What is the greatest common divisor of k and 11?
11
Let a(l) = l**2 + 0 + 0 + 2 + 2*l**2. Let f be (-16)/3 - (-4)/(-6). Let w be a(f). What is the highest common factor of w and 22?
22
Let l(g) = 133*g - 294. Let c be l(3). Let x = -2 - -2. Suppose x = -4*k - 39 + 207. Calculate the greatest common divisor of c and k.
21
Let s(v) = -9*v - 15. Let n be s(-3). Suppose -4*p - 16 = -2*c - 0*c, 13 = -c - 5*p. Suppose n = 2*k + c*k. What is the greatest common factor of 2 and k?
1
Let f = 32 + -23. Suppose -640 = -4*g - 6*g. Suppose 7*i + g = 190. What is the highest common factor of f and i?
9
Suppose 0 = -b + 497 - 373. What is the greatest common divisor of b and 217?
31
Let j be (-3 - -3)*(6/2)/(-6). Suppose 2*k + j*k = 40. Let f(z) = -2*z - 7. Let v be f(-6). What is the greatest common divisor of k and v?
5
Let h be 496/20 - (-2)/10. Let w = h - 14. Let m = 14 - w. Calculate the highest common factor of m and 3.
3
Suppose 4*b = 8*b - 1040. What is the greatest common divisor of 20 and b?
20
Suppose 41*i = 21*i + 7200. What is the greatest common factor of 40 and i?
40
Suppose 31 = -5*v + 11, 41 = 5*r + v. Let f = 48 - 99. Let y = f - -52. Calculate the greatest common divisor of y and r.
1
Let m(k) = 7 + 4*k**2 + k**3 - 4 + 10*k**2 + 0. Let x be m(-14). Suppose -x*f + f = -6. Calculate the greatest common divisor of f and 21.
3
Let m(g) = -2*g**2 - 17*g + 12. Let p be m(-6). Suppose 0 = -u + 7*u - p. Calculate the highest common factor of u and 21.
7
Let l = 128 + -94. What is the greatest common factor of l and 918?
34
Let u be (-40)/15*3 + 12. What is the greatest common factor of 5 and u?
1
Let i(a) = -2*a**2 - 14*a - 4. Let z(k) = 11*k - 59. Let n be z(5). Let m be i(n). What is the highest common divisor of m and 8?
4
Suppose -9 = -n + x, 0*x = -n - 3*x + 29. Let u be (-30)/(-9)*12/4. Let i be 4/u + (-696)/(-10). What is the highest common factor of i and n?
14
Let g = 22 + -6. Suppose 0 = 5*v - 10, -v = -5*m + 2*v - 96. Let w = m + 26. Calculate the greatest common factor of w and g.
8
Let r(x) = -x**3 + 5*x**2 - 4*x - 2. Let f be r(3). What is the highest common divisor of f and 964?
4
Let a(d) = -90*d**3 + d - 3. Let n be a(-2). What is the greatest common factor of n and 55?
55
Let h be (-3)/(-8)*-2*-4. Suppose -3*w = 0, -4*w + 45 + 12 = h*k. Suppose 16*n = k*n - 225. What is the highest common divisor of 15 and n?
15
Suppose 1403 = 4*i + 19*i. Let n = -71 + 30. Let s = i + n. Calculate the greatest common divisor of s and 180.
20
Suppose 3*n - 2*d - 603 = -520, -3*d = -4*n + 112. Let r be ((-50)/2)/((-1)/2). Calculate the greatest common factor of n and r.
25
Let d(m) = 57*m - 493. Let w be d(10). What is the highest common factor of 154 and w?
77
Let w(a) = -3*a + 5. Let h be w(-5). Suppose -3*s + 5*u = -41 + 6, -10 = 2*s + 5*u. What is the highest common divisor of h and s?
5
Suppose 9*j = -1155 - 2715. Let b be (-10)/(-30) - j/6. What is the highest common divisor of 18 and b?
18
Suppose 50 = -5*f - 5*x, f + 4 = -2*x - 7. Let u = 57 + f. Let o = -9 + 15. What is the greatest common factor of u and o?
6
Let g be 3 + -6 + (-910)/(-10). Calculate the highest common divisor of 484 and g.
44
Let l(m) = -m - 21. Let t be l(-17). Let r(j) = -5*j - 18. Let b be r(t). Calculate the greatest common divisor of b and 32.
2
Suppose -28*z + 29*z - 252 = 0. Calculate the greatest common factor of z and 72.
36
Let t = -5 + 8. Suppose -t*c - 9 = -5*c - 5*a, -4*a + 6 = c. Let m be 12/(2/(c - 0)). Calculate the greatest common factor of m and 24.
12
Let h be 18235/45 - (-4)/(-18). Suppose w = 1 + h. Suppose 86 - w = -4*a. Calculate the highest common divisor of 10 and a.
10
Let x = 410 - 370. Calculate the greatest common divisor of 200 and x.
40
Suppose -2*z - 4*c + 64 = 0, -3*z - 2*z - 2*c = -152. Suppose 2*t - 548 = -8. What is the highest common factor of t and z?
30
Let q(d) = 2*d**2 + 18*d + 6. Let g be q(-10). Calculate the greatest common divisor of g and 494.
26
Suppose x + 2 = 5*m - 1, 4*x + 5*m - 13 = 0. Suppose -350 = -12*d + x*d. What is the greatest common divisor of d and 175?
35
Let p be (-2 - 4/(-1))*(48 + -2). Let g = 133 - p. Calculate the greatest common factor of 41 and g.
41
Suppose 2*y + 2*y - 20 = 5*j, 0 = -4*y + 4*j + 24. Suppose -23*a - y = -28*a. Calculate the highest common factor of a and 5.
1
Suppose 3*c + 157 = 4*c + 5*n, -4*c + 4*n = -748. What is the highest common divisor of c and 112?
14
Let i be (-4 - 68/(-14))/(5/350). Calculate the highest common divisor of 15 and i.
15
Let a be (-1)/(-10)*8*10. Suppose -25*d - 14 + 614 = 0. Calculate the highest common d